e remainder when 88 is divided by r?
4
Let v = -45 + 49. Suppose 0 = 5*c - v*a + 15, -2*a + 9 = -c - 0*a. What is the remainder when 4 is divided by c?
0
Let b(r) = 9*r**3 + r**2 - 3*r + 1. Let o be b(2). Suppose -o = -2*i - 13. Calculate the remainder when i is divided by 16.
13
Suppose -1634 = 11*t - 1722. What is the remainder when 973 is divided by t?
5
Suppose 4*x - 2*x = -3*v + 382, 0 = -5*x + 3*v + 934. Let z(o) = o + 38. What is the remainder when x is divided by z(0)?
36
Let w = 190 + -108. What is the remainder when w is divided by 17?
14
Suppose 4*f = 4, 3*g + 2 = 4*g - 4*f. Suppose b - 14 = g. Let t = 138 + -79. Calculate the remainder when t is divided by b.
19
Suppose 72 + 6 = 3*g. Suppose 4*v = 2*d - 0*v - 692, 1408 = 4*d + 4*v. Suppose 26*c + d = 33*c. What is the remainder when c is divided by g?
24
Let y = 59 - 56. Let a(w) = w**3 - 10*w**2 + 8*w + 13. Let l be a(9). Suppose l*s = -y*s + 77. What is the remainder when s is divided by 3?
2
Suppose -d + 120 = f, -45*d = -44*d + 3*f - 120. Calculate the remainder when d is divided by 49.
22
Suppose 2*x - 44 = -5*r + 264, -4 = -x. What is the remainder when 1318 is divided by r?
58
Suppose 17*s + 15 - 593 = 0. Calculate the remainder when s is divided by 3.
1
Suppose i = -8 - 7. Let g be (-5 + -1)*(-40)/i. What is the remainder when 12 is divided by g/24 - 46/(-6)?
5
What is the remainder when 488 is divided by (-2)/35 - 145945/(-2975)?
47
Suppose -28 + 8 = -5*x. Calculate the remainder when 92 is divided by (-47 + -1)*(x - 54/12).
20
Suppose -5*g + 4*u + 188 = 0, -5*u = 17*g - 12*g - 215. What is the remainder when g is divided by 33/((-3)/(-2) + 0)?
18
Suppose 2*s - 5*y = 8, 0*y - y = -s + 10. What is the remainder when 111 is divided by s?
13
Suppose 4*p - 106 = 2*q, 3*p - 4*q - 44 - 48 = 0. Suppose 11*i - 20*i + 1503 = 0. Calculate the remainder when i is divided by p.
23
Calculate the remainder when 13 is divided by (47 - 48)*(1 + -1 - 7).
6
Let u(h) = h. Let s(l) = l - 6. Let y be s(8). Let q be u(y). Suppose -5*p + q*p - 3*d = -69, d + 115 = 5*p. Calculate the remainder when p is divided by 6.
5
Let j(f) = 6*f**3 + 54*f**2 - 65*f - 21. Calculate the remainder when 227 is divided by j(-10).
24
Suppose 70 = 4*d - c, 82 = 5*d - 0*d - 4*c. What is the remainder when 305 is divided by d?
17
Calculate the remainder when 4/(-10) + (-4)/(-20)*372 is divided by 25.
24
Let b = 5 + -7. Let x be 3/b - 3/(-2). Suppose x = 5*q - 12 - 18. Calculate the remainder when 10 is divided by q.
4
Suppose -3*h + 4*i = -263, i + i + 259 = 3*h. Calculate the remainder when h is divided by 45.
40
Let w(q) = -4*q - 1 + 6 - 6. What is the remainder when 6 is divided by w(-1)?
0
Suppose -4*w - 3*x = -8*x - 52, -w = -5*x - 13. Calculate the remainder when 19 is divided by w.
6
Let n(c) = -2*c - 38. Let t be (228/(-5))/2 + (-1)/5. Calculate the remainder when 14 is divided by n(t).
6
Let w(q) = -q**3 - 11*q**2 - 16*q - 17. What is the remainder when w(-11) is divided by 40?
39
Let n(v) = 38*v**2 + 2*v - 15*v - v - 14 - 39*v**2. Let u be n(-13). What is the remainder when 37 is divided by (-6)/(3*u/10)?
17
Let s be 1*(-2)/(2/(-3)). Suppose o - 15 = -s. Suppose v - 2*v - 4*y - o = 0, -3*v = 5*y + 1. What is the remainder when 14 is divided by v?
6
Let o(a) = 36*a - 445. What is the remainder when 178 is divided by o(13)?
17
Suppose 5*x = -5 + 30, -4*n + 217 = x. Suppose n = u + 5*b, u - 5*b - 14 = -1. What is the remainder when 196 is divided by u?
31
Let o(b) be the third derivative of b**4/8 + 25*b**3/6 - 9*b**2. Let d be o(-13). Let u = 0 - d. Calculate the remainder when 51 is divided by u.
9
Suppose -47*k - 1442 + 7270 = 0. Calculate the remainder when k is divided by 17.
5
Suppose 0 = 4*v + 3*p - 55, -31 = -3*v - 4*p + 12. Let l(h) = 3*h**2 + h + 7. Let z = -20 - -23. What is the remainder when l(z) is divided by v?
11
Let f = 10 - 5. Let h be f/20 + 18/(-8). What is the remainder when 18 is divided by 3 - h*1/2?
2
Let g(q) = 11*q - 214. What is the remainder when 99 is divided by g(21)?
14
Suppose -p - p - 2*l + 18 = 0, 0 = -4*l - 16. Let x = p + -7. What is the remainder when 16/(-4) + (-126)/(-6) is divided by x?
5
Let d(t) = 5*t - 30. Calculate the remainder when d(40) is divided by 43.
41
Let f be (9/(-9))/(1/(-11)). Suppose 4*l = t - 0*t - f, -t - 4*l = -35. Calculate the remainder when t is divided by 12.
11
Suppose -5*w = 3*b - 2861, 4*w + 57*b = 54*b + 2287. Calculate the remainder when w is divided by 23.
22
Let n(l) = 2*l**2 + 116*l - 204. Let v(t) = t**3 + 4*t**2 + 5*t - 5. What is the remainder when v(4) is divided by n(-60)?
35
What is the remainder when (49 - 24)/((-1)/(-7)) is divided by 27?
13
Calculate the remainder when 91 is divided by 21 - ((-20)/9 + (-48)/(-216)).
22
Let s(j) = 2*j**2 - 2*j - 1. Let z be (-8)/20 - 13/5. Suppose -41 = -3*w - 2*b, 0*w - 5*b - 34 = -3*w. What is the remainder when s(z) is divided by w?
10
Suppose 2*u - 271 = i, 3*u - i - 408 = i. Calculate the remainder when u is divided by 32.
6
Suppose -2*p = -5*p + 12. Suppose -p*q = -q + 12. Calculate the remainder when 27*4/(-48)*q is divided by 4.
1
Let b = 978 - 941. What is the remainder when 548 is divided by b?
30
Let i(c) = -c + 24. Suppose 2*m - 5*p + 30 = 3*m, 0 = -4*m + 3*p + 5. Let n = m - -39. Calculate the remainder when n is divided by i(8).
12
Suppose 14 = -3*s + 8. What is the remainder when 53 is divided by (-3)/(-2)*s + -1 + 10?
5
Suppose -3*t = -4*y + 397, 9*y - 4*y = 5*t + 500. Suppose 55 = 3*a - 8*a. What is the remainder when y is divided by -3*(a*3)/3?
31
Suppose 3*g - 267 = -312. Let t = 12 + 16. Let i = t + g. What is the remainder when i is divided by 4?
1
Let z = 2338 + -1284. What is the remainder when z is divided by 33?
31
Suppose -516*s + 522*s - 132 = 0. Calculate the remainder when 84 is divided by s.
18
What is the remainder when 35 is divided by (-2 - 0)/((-58)/377)?
9
Let y(c) = c**2 + 2*c - 23. Let s be y(-10). Suppose s = 5*f - 58. What is the remainder when 45 is divided by f?
22
Let s(p) = 2*p - 32. Let w be s(15). What is the remainder when 19 is divided by (-15 + 11)*5/w?
9
Let t(z) = -z**3 + 6*z**2 - z - 5. Let y be t(6). Let n = y + 16. Suppose -15 + 5 = -n*p. What is the remainder when 2 is divided by p?
0
Let t = -345 + 398. What is the remainder when t is divided by 24?
5
Let a(p) = p**3 - 10*p**2 + p + 24. Let n = -42 + 52. Calculate the remainder when a(n) is divided by 9.
7
Let s be (6 - 7)/((-1)/(-5)). Let p(m) = m**3 + 6*m**2 + 5*m + 10. Let d = 8 + -5. Calculate the remainder when p(s) is divided by d.
1
Let v = -1395 - -1491. Calculate the remainder when v is divided by 42.
12
Suppose 0 = -103*c + 83*c + 9260. Calculate the remainder when c is divided by 154.
1
Let s(l) = -4*l - 6. Let i be 94/(-14) + (-2)/7. Let r be (-153)/21 + (-2)/i. Calculate the remainder when 43 is divided by s(r).
21
Suppose -9 = -12*y + 135. What is the remainder when 236/7 - (-4)/14 is divided by y?
10
Suppose 2*s + 246 = 2*t, -4*t - s = -6*s - 489. What is the remainder when t is divided by 44?
38
Suppose -4*y - 2*r = -92, -5*y - 6*r + 115 = -9*r. What is the remainder when 66 is divided by y?
20
Let o(h) = -14*h - 2. Calculate the remainder when o(-17) is divided by 24.
20
Suppose 27*w - 5*w = 396. Calculate the remainder when 160 is divided by w.
16
Suppose 2*g - 5*v - 136 = 0, 9*g - 7*g - 148 = -v. What is the remainder when g is divided by 20?
13
Suppose 0*n = n - 3*z - 30, z = -2*n + 32. Suppose 13*b = n*b - 70. Calculate the remainder when b is divided by 5.
4
What is the remainder when (74/12)/(-37) - 614/(-12) is divided by 4?
3
Suppose 2*o - 17 = -a, -a = -5*a + 4*o + 92. Suppose -3*n = -2*w + 15, -5*n + 2 - 25 = -3*w. Calculate the remainder when a is divided by w.
3
What is the remainder when 21/14*((104 - 3) + -3) is divided by 50?
47
Let g = 25 + -6. Calculate the remainder when (0/(-1) - -61) + (-55 - -62) is divided by g.
11
Let g be (-6)/24 - 562/(-8). Suppose -3*q + q = 3*d - 205, q = d - g. Calculate the remainder when d is divided by 12.
9
Suppose -5*g + 1 = 5*s - 99, 5*g + 3*s = 94. Suppose 0 = 3*f - 13 - 5. Let l(y) = 3*y**2 - 6*y - 6. What is the remainder when l(f) is divided by g?
15
Suppose -24 + 4 = -5*j. Suppose -2*r + 3*m = 5*m - 28, -5*r + 73 = j*